6
(1 - (4 + -4)) + -7 + -3 + 24
15
Evaluate 13 - 5 - (-20 + 13 - (-20 - -4)).
-1
Evaluate -1 + 15 + -13 + (5 - -7).
13
What is the value of 9 + (44 + 32 - 72)?
13
Calculate -3 - 2 - -3 - (0 - 31) - (227 + -218).
20
28 - (1 + (-23 + 34 - 1))
17
Calculate (58 - (-16 - -12)) + (27 - 50).
39
Calculate 57 + (-14 - -3) + 157 + -167.
36
Calculate 8 - (91 + (-8 - 32)).
-43
19 + 3 + 1 + -5 + (-423 - -431)
26
What is (-16 + 2 - 1) + (32 - (-38 - -124))?
-69
What is the value of 18 + (12 + -3 + -17 - 5) - (4 - -93)?
-92
What is -3 - (-51 - (48 - 91))?
5
Calculate (3 + 1 - -2) + (327 - 308).
25
(2 - 12) + (-13 - -12 - -32 - 26)
-5
Calculate (32 - 9 - (40 - 8)) + (-6 - (95 - 3)).
-107
-3 + 15 + (-73 - -33) + 57 + 3
32
Calculate 89 + (74 + -109 - -37).
91
Calculate 144 + (19 - (139 - 46)).
70
Calculate -24 + -12 + 18 + (141 - 116).
7
What is -10 + 15 + 4 - 120 - -17?
-94
What is 8 - (15 + (48 - 3)) - -14 - 0?
-38
Evaluate (-14 - (-66 - -72)) + -1 + 71 - -2.
52
Calculate -34 - (-28 + 49 + 2 - -8).
-65
2 + -4 + 2 - (0 - -1 - (-234 + 264))
29
What is the value of 31 + -1 + (-38 - (12 - 21))?
1
Calculate -1 + 20 + -49 + (2 - -1) + 4.
-23
Calculate (85 - (95 + 107)) + 40.
-77
Calculate -42 - 1 - (253 - 255).
-41
Evaluate (-25 + 24 - (-30 + (-3 - -5))) + (-4 - 6).
17
What is (1 - (45 - 1) - 15) + -14 + (3 - 2)?
-71
What is 208 - 183 - (99 + -6 + 1)?
-69
Evaluate (41 - (-43 + 102)) + 51.
33
What is (45 + -24 - -54) + -20 - 15?
40
What is the value of -187 + 190 - (2 + 37 + 3)?
-39
Evaluate 8 + 30 + (6 + (1 - 19) - -19).
45
What is -17 + (2 - -3 - 10) + 22 + -59?
-59
(-22 - (5 + 0 + -6 - (-16 - -22))) + 2
-13
Evaluate 39 + (-37 - (21 - 43)) - 16.
8
Calculate (2154 - 2216) + -1 + 127.
64
292 + -206 - (3 - (4 + -17))
70
Evaluate 53 + (-46 + -41 - -30) - (1 - (-3 - 86)).
-94
What is the value of (15 - 5) + (5 - (14 + 19 + -26))?
8
Evaluate 19 + -4 - (-79 + 59).
35
What is 28 + 40 + -18 + -20?
30
What is 12 + (34 - 66 - -47)?
27
Calculate -30 - (-82 + 2 + (186 - 164)).
28
93 - (-3 + 8 - (16 - (-18 - -45)))
77
Calculate -185 + -2 + (-1827 - -1929).
-85
What is -13 + (67 - -37) + -61?
30
What is (-120 - -9) + 326 - 88?
127
Calculate 0 + 37 + (71 - (140 - 22)).
-10
Calculate (1 - 23) + (-213 - -247) + -2.
10
What is the value of -3 + -2 + (-14 - -39 - -13) + (7 - 6)?
34
What is the value of 0 - 13 - (27 - (6 + -26 + 11))?
-49
What is 38 + -57 + 14 - (0 - (25 + 2))?
22
Evaluate 65 - (144 + -43 + -66).
30
What is the value of (-11 + -18 - 14) + (17 + -12 - 21)?
-59
What is the value of (27 - 1) + -341 + 332 - 16?
1
Evaluate 130 + -166 - -172 - 98.
38
What is the value of (5 - 0) + 0 - (1 - (9 - 32))?
-19
139 - (45 - -22) - 40
32
Evaluate 69 + 6 + -86 - (0 + 46 + 1).
-58
Evaluate -6 - (-30 + 54 + -8).
-22
What is the value of (1 - 31) + (96 - 87) + -7?
-28
What is the value of (7 - -42) + (4 + -6 - (9 - 10))?
48
62 - (28 + 47) - (2 + -110 + -1)
96
Evaluate (12 - (49 + 9 + -46)) + -18.
-18
What is (-1 - -8) + -49 + 31 + -3 + (12 - -2)?
0
What is 34 + -20 + (25 - 27)?
12
What is -42 - (26 - -5 - 22 - -16)?
-67
75 + -29 + -44 + 84 + 12
98
Evaluate -26 + -13 + (308 - 359).
-90
Calculate -8 + (-4 + 9 - (13 + 1) - (-33 + -1)).
17
(21 - 0) + 118 + -17 + -106
16
Calculate 10 - (-2 - -10) - 9 - (-34 - 13).
40
What is the value of (0 - -12 - (-58 + 59)) + 66 - (-4 - -5)?
76
What is -14 + -10 + 10 - ((0 - -1) + -6)?
-9
Calculate -15 + (4 - (-16 - (17 + (12 - 36)))).
-2
What is the value of -669 + 581 + 1 + 82?
-5
11 + 2 + -4 + 2 + -5 + 6 + 83
95
Calculate -11 + (2 - 5) + (-34 - -6) + 45 + -9.
-6
Evaluate -16 - (-106 - (5 - -14 - (3 + -1 - -1))).
106
What is the value of (26 - 8) + (35 - 51)?
2
What is the value of 59 + 9 + (135 - 153)?
50
Evaluate (54 - 18) + -5 + -1 + (-5 - -3).
28
-5 + 26 + (-46 - (-44 + 16))
3
What is 18 - ((-47 - -1) + 5 - 10)?
69
Evaluate 1 - 0 - (-51 - (0 - 50)).
2
50 - -73 - 5 - -18
136
What is the value of (-1 - -1) + 7 - (-52 - (-10 + -4) - -27)?
18
What is the value of 63 + -159 + 124 - -81?
109
Calculate -3 + 16 + 3 + -1 - (17712 - 17732).
35
Calculate -4 + 15 + -31 + (-37 - -54) - -80.
77
2 + 36 + -339 + 249
-52
39 + -42 - -5 - ((-7 - -1) + 2)
6
-74 + -2 + -14 + -83 + 98
-75
34 - (-4 - 2 - -17 - (-2 - -6))
27
78 + 10 - (-68 - -181)
-25
Calculate 12 + (4 - 1) - (11 + 12).
-8
What is the value of (-55 - (-75 + 9)) + 1 + (46 - -1)?
59
Calculate (-15 - 4) + 18 + 10 + 53.
62
Evaluate -41 + (54 - 12) + (-1 - (-11 + 0)) + 39.
50
Calculate 0 - 1 - ((-28 - (4 + (3 - 11))) + -5).
28
What is -166 - -139 - (-7 + -2)?
-18
Evaluate 1419 + -1440 + 16 + 2.
-3
Calculate 8 - (-17 + 6 - 0 - (-25 + 14)) - 88.
-80
What is the value of (-1 - -4) + (17 + 10 + -32 - 38)?
-40
What is -19 + 38 + 146 + -89?
76
Calculate -1 + 8 - ((-49 - -26) + 37 - (-74 + 18)).
-63
What is the value of -43 - (-4 + -14 + (-88 - -99) - (-18 + 1))?
-53
81 + -94 + (4 - -1) + (62 - 4)
50
(47 - (-48 + -16 + -40)) + -18
133
Calculate -9 - (101 + -87 - (-4 + -15)).
-42
What is (16 - -73) + -46 - (-20 - 0)?
63
Evaluate -18 - (-9 + 0) - -61 - (25 - 27).
54
What is -122 - -78 - -99 - (-1 - -10)?
46
What is -6 + (-14 + (-18 - -11) - -8)?
-19
What is 82 + -77 + -6 + (25 - -1)?
25
Calculate -8 + (14 - -9) + 22 + -22 + 54.
69
What is the value of 17 + (-28 - (8 - 1)) - -74 - 9?
47
Evaluate 53 - (6 - ((3 - 2) + 12 + (111 - 118))).
53
Calculate (-241 - -194) + (-8 - -17).
-38
What is 10 + 10 + (0 + -11 - (-63 - -52))?
20
Evaluate 94 + 0 + -37 + -33.
24
Calculate -12 + (4 - 1) + 35 + (0 - 6) + 6.
26
Calculate 81 - 176 - (-89 - -75).
-81
Evaluate (-9503 - -9499) + (1 - (0 + -2 + 0)).
-1
Calculate (21 - (-10 - -20)) + -22 + (1 - -29) + 11.
30
Calculate (-174 - -167) + (-1 - 7) - (28 - (-5 + 21)).
-27
9 - (-21 + 5 + 20) - (-17 + 0)
22
Calculate -115 + (2777 - 2793) + -7 + 0.
-138
Calculate (1031 - 603) + -468 - (10 + 0 + -1).
-49
What is -6 - (-5 - -75) - (-25 + 3)?
-54
Evaluate -5 + (-4 + 6 - 6) + (-75 - -68).
-16
Calculate -4 + (1 + (1 - (3 - 60)) - (487 - 480)).
48
-68 - -82 - ((67 - 7) + 0)
-46
What is 5 + 1 + -16 + 31 + 5 + -18?
8
-62 + 2 + (2199 - 2207)
-68
What is the value of (-71 - (-138 + 18)) + -181?
-132
What is the value of 113 + (1 + -16 - (-340 + 324))?
114
What is the value of 5 - (10 + -56 - (1 - -5 - 17 - -1))?
41
Evaluate 33 - ((23 - 1) + (363 - 331)).
-21
((-5 - -4) + -19 + 2 - 4) + (219 - 227)
-30
What is -76 - (-18 + 77) - -80?
-55
What is the value of (-7 - 46 - -27) + 4?
-22
What is 8 + 5 + 24 - (8 - (-8 - (-35 + 11)))?
45
Calculate 26 + -23 - ((2 - (-4 - (6 - 13))) + -54).
58
What is 112 + -265 + 122 + 136?
105
What is the value of (2 - (-3 - -2)) + (-11 - 52) + (22 - 17)?
-55
Calculate 12 + -2 + (-89 - -5) + 115.
41
(13 - 26 - -24) + -7 + -7 - 9 - -84
72
Calculate -7 + (31 - -10 - (-3 + -5 + 2)) + -11.
29
What is 26 - (-18 + 57) - (-2 + 0 - 3) - 22?
-30
Calculate (-5 + 34 - -1) + (618 - 688).
-40
Evaluate -110 + 69 - (-40 + 18).
-19
What is the value of -86 - (41 + -29 + 73 + -87 - (1 - 15))?
-98
Evaluate (4 - (-16 + -3 + 2 + 20 + -11)) + 1.
13
Calculate -55 - ((25 - (36 + (-2 - -19))) + 21).
-48
Calculate -16 - (3 - 1 - 6 - (-2 + 6)).
-8
Evaluate 252 + -122 + -39 + -216.
-125
What is the value of -98 - (-8 - (23 - (26 + -18)))?
-75
What is the value of 0 - (-32 - 5) - (16 + -4 + -1) - 2?
24
What is 0 + 1 - ((-1 - 21) + -1015 + 1001)?
37
What is the value of -1 + 64 + 54 + -37?
80
Evaluate -20 + -3 + (117 - 42) + -60.
-8
Evaluate (-7 - (14 + 1 + 2 - (-519 - -529))) + -23.
-37
-7 - (4 + (-3 - -6) - 13)
-1
What is (10 + (5 - -3 - 25) - 1) + (-35 - -31)?
-12
Evaluate -6 - (17 - (0 + -33 + 21)).
-35
What is the value of (-125 - (-65 - -141 - 80)) + (1 - 2) + 14?
-108
Evaluate -106 - -71 - (-32 + 36).
-39
What is the value of 131 + -143 + -20 + (-26 - 1)?
-59
Evaluate 3 + (37 - (-49 + 85)).
4
What is 0 - 10 - ((22 - 77) + -32 - -26)?
51
Evaluate -56 + (3 - -4) - -4 - -17.
-28
-41 - (-1 - ((2 - 34) + 36))
-36
What is the value of -2 + (-1 - -2) + 7 - (-798 - (-1976 - -1024))?
-148
Evaluate -23 + -2 + (25 - 20) + 37 - 53.
-36
Calculate -73 + (4 + -14 + 3 - -5) - (50 - 60).
-65
1 - (1 - 60) - (207 + -198 + 3 + -23)
71
What is the value of 1 + -31 + -2 + (39 - -21 - 46) + -10?
-28
Evaluate -14 - -25 - (20 + -6 + 7).
-10
Evaluate 266 + -207 + (-4 - (2 - 3)) + 9 + -5.
60
What is the value of (-196 - (